. Let d be 185/35 - 2/m. Determine p(d).
3
Let m(n) = -8*n**3 - n**2. Let t = 15 + -10. Suppose -3*u = 2*u - t. Give m(u).
-9
Suppose -83 + 55 = -4*l. Let m(b) = -b**2 + 7*b - 5. What is m(l)?
-5
Let b(p) be the third derivative of p**6/120 + 2*p**5/15 - 3*p**4/8 + p**3 - 25*p**2. Give b(-9).
6
Suppose 0 = 3*j + 6 - 3. Let q(n) = -7*n**2 - 1. What is q(j)?
-8
Suppose -x + 6 = x. Let m(o) = -3 + 6*o**2 + 3*o**x - 6*o**3 + 0*o**3 - 5*o + 2*o**3. Give m(4).
9
Let l be ((-10)/4)/(2/4). Let i be (2 + (-15)/6)*0. Let o(h) = -6 + h**2 + 4 - 4 + i*h**2 + 3*h. Calculate o(l).
4
Suppose 5*a + i - 45 = -4*i, -3*a + 31 = 4*i. Suppose -2*g = -5*l + 17, l - 5 - 3 = a*g. Let d(v) = v**3 + v + 1. Give d(g).
-1
Let s = -57 - -64. Let q(i) = -3*i - 3. Give q(s).
-24
Let x(p) = -p**3 + 4*p**2 - p + 4. Let h = 27 + -23. Determine x(h).
0
Suppose 3*s = -0*s + 9. Let a(w) = -4*w**2 + 6*w**2 - w**s - w**2 + 3*w**2 - 2*w + 4. Let f(k) = k**3 + 8*k**2 - 8*k + 13. Let x be f(-9). Give a(x).
-4
Let v be 2 + -4 + (4 - 2). Let c(j) be the second derivative of 5/2*j**2 - 2*j + v + 1/12*j**4 - 5/6*j**3. What is c(5)?
5
Let a(r) = r**3 - 4*r**2 - 6*r + 6. Let t = 7 + 27. Suppose -t + 9 = -5*j. What is a(j)?
1
Let h(m) be the third derivative of -1/60*m**5 - 5/24*m**4 + 7*m**2 - 1/3*m**3 + 0 + 0*m. Calculate h(-5).
-2
Suppose 0 = -3*p - 3*n + 9, -3 + 8 = -3*p + 4*n. Let j(l) = 2*l - 1. Give j(p).
1
Let f(r) = 14*r. Let y(x) = -x + 8. Let i be y(0). Let s be i/(-12) - (-10)/6. What is f(s)?
14
Let n(q) = 3*q**2 - 3*q - 4. Let i be n(-1). Let r(s) = -2*s**2 + 13*s - 9. Let h(f) = f**2 - 7*f + 5. Let x(w) = -11*h(w) - 6*r(w). Give x(i).
1
Suppose -2*d = -4 + 2. Let n(z) = 7*z**2 + z - 1. Give n(d).
7
Let j(t) = 0*t - 3 + 2 + t**3 - 2*t. Let r = 2 - 3. Calculate j(r).
0
Let s = 36 + -38. Let g(z) = -2*z**2 + z + 1. Determine g(s).
-9
Let v(s) = s + 2. Suppose y - 3*y = 4. Let t be 4*(-1)/(-4)*y. Give v(t).
0
Let c(y) = 7*y + 1. Suppose s + 11 = -4*i - 2*s, -5*s - 20 = 5*i. Let k(v) = v**3 - v**2 - v. Let q be k(i). Give c(q).
-6
Let u(t) be the first derivative of t**7/420 - t**6/120 + t**5/60 - t**4/8 - 2*t**3/3 - 3. Let c(v) be the third derivative of u(v). Determine c(2).
5
Let m(t) = t**3 - 3*t**2 - 3*t - 5. Let c be ((-14)/4)/((-1)/(-2)). Let z be 12*(c/(-3) - 2). What is m(z)?
-1
Let l(y) = -y**3 + 2*y**2 + y + 1. Suppose -8*d = -16 - 8. Determine l(d).
-5
Let p(i) = i**2 + i + 2. Let u(r) = r + 6. Suppose -4*h - 5 - 19 = 0. Let v be u(h). Suppose 3*f - 3 + 12 = v. Determine p(f).
8
Let j(a) = -a**3 - 7*a**2 + 7*a - 3. Let g be j(-8). Suppose 5*f = 15, -g*t - 2*f + 8 = -6*f. Let q(d) = 2*d**2 + t*d - d**2 + 4*d + 0*d + 7. What is q(-5)?
-8
Suppose 5*f - 11 - 14 = 0. Let h(p) = -4*p**2 - p - 9. Let q(v) = -v**2 - v - 1. Let l(d) = f*q(d) - h(d). Calculate l(-3).
7
Let d(s) be the first derivative of 3*s**2 + 3*s + 1/3*s**3 - 1. Determine d(-5).
-2
Let u(m) = -2*m**2 - 7*m. Let x be u(-4). Let k(a) = -7*a**3 - 8*a**2 + a + 7. Let h(g) = -4*g**3 - 4*g**2 + 4. Let q(j) = -5*h(j) + 3*k(j). What is q(x)?
-11
Let z(g) = -g + 0*g - 6 + 0*g. What is z(-6)?
0
Let c(x) be the third derivative of x**7/1260 - x**6/144 + x**5/30 - x**4/8 + 2*x**2. Let u(p) be the second derivative of c(p). Give u(3).
7
Let t(s) = -12 - 5*s**2 + 0*s - 5*s**2 - s**3 - 1 - s. Let m be t(-10). Let k(i) = -1 + 4*i + 1 + 5*i**2 + i**3 + 3. Determine k(m).
9
Let z(i) be the first derivative of 3*i**2 - 4*i + 7. Calculate z(4).
20
Let o(a) = -4*a + 3. Let y(l) = -3 + l + 2 + 0. Let i(j) = -o(j) - 3*y(j). Let c be (-18)/(-4)*8/12. Calculate i(c).
3
Let h(c) = 3*c**2 - 2*c + 5. Let u(b) = 4*b**2 - 3*b + 5. Let d(s) = 5*h(s) - 4*u(s). Determine d(4).
-3
Let i be 2/12*3*(-32)/(-2). Let z(r) = r**3 - 9*r**2 + 10*r - 4. Give z(i).
12
Let d(b) = 2*b**2 + 3*b. Let a = 63 - 67. Determine d(a).
20
Let c(w) = -24*w + 3 + 8*w + 6*w + 9*w. Let s(y) = 32*y**3 + y**2 + y. Let h be s(-1). Let b be h/(-6) + (-2)/6. What is c(b)?
-2
Let h be (-17)/(-119) + 36/(-7). Let f(u) = -u**3 - 5*u**2 + 4*u + 5. What is f(h)?
-15
Suppose 3*n = 6*n - 75. Suppose d - 3 + 11 = -2*j, -n = 5*d - 5*j. Let i(o) = 2*o - 4. Determine i(d).
-16
Let k(p) = p**3 + 3*p**2 - p + 1. Let j(q) = q**3 - 4*q**2 + q. Let n be j(3). Let z = 3 + n. What is k(z)?
4
Suppose -4*s - 8 = 20. Let u be s*2*1/(-2). Let q(a) = a**2 - 8*a + 7. Let n be q(u). Let j(z) = -z**3 + z**2 - z + 2. Give j(n).
2
Let u(z) = z - 9. Suppose -w + 67 = 54. What is u(w)?
4
Let t(z) = z**3 + 10*z**2 + 8*z + 2. Let r be t(-9). Let p = -13 + r. Let u(b) = b + 1. Calculate u(p).
-1
Let w(d) be the second derivative of d**8/6720 + d**6/720 - d**5/120 + d**4/6 - d. Let b(x) be the third derivative of w(x). What is b(-2)?
-11
Let i = 8 + -4. Let o(m) = m**3 + 43*m + 0*m**3 - i*m**2 - 44*m - 1. What is o(4)?
-5
Suppose -4*j + 5*s + 7 = 0, 0 = 5*j - 3*s + 6 - 18. Let u(t) = t + t**2 + 2 - 3 + j*t**3 + 2*t**3 + 0. Let r = -1 - -2. Determine u(r).
6
Let h(u) = -218*u - u**3 - 5*u**2 + 213*u + 2*u**3 + 3. What is h(5)?
-22
Let l be (-8)/(-3) + 2/(-3). Let w(q) = -l*q + 0*q + 2 + 0*q. Let n(t) = t**3 - 7*t**2 + 8*t - 7. Let v be n(6). Calculate w(v).
-8
Let x(c) = -2*c**3 + 2*c**2 - c - 2. Let f be x(-1). Let q = -2 - f. Let k(d) = -d**3 - 4*d**2 + 3*d - 3. Calculate k(q).
7
Let o(p) = -2*p**2 - 14*p - 21. Let h(k) = -k**2 - 7*k - 11. Let t(x) = -7*h(x) + 4*o(x). Calculate t(-6).
-1
Let g(m) = 61 + 20*m - 19*m - 63. Calculate g(-5).
-7
Suppose -12 = -2*j - 4. Let d(m) = 5*m - 4 + j*m**2 + 7*m**3 - 2*m - 6*m**3. Give d(-3).
-4
Let f(r) be the first derivative of r**2/2 + 4*r + 3. Let g(d) = -3*d - 13. Let p(i) = -7*f(i) - 2*g(i). Determine p(2).
-4
Let q(c) be the first derivative of 2*c**3/3 + c**2/2 - c - 12. Calculate q(1).
2
Suppose 2*g + g = 0. Let r(d) = d**2 - 2. Let w(i) = -3*i**2 + 5. Let p(c) = 5*r(c) + 2*w(c). Give p(g).
0
Let x(t) = 3*t. Let n(u) = u + 8. Let h(w) = -w - 17. Let k(l) = -l**2 - 3*l + 7. Let f be k(-6). Let v be h(f). Let z be n(v). Determine x(z).
6
Let p(k) = 3*k**2 + 3*k + 0 + 2 - 2*k**2. Give p(-3).
2
Let i(p) = p**2 - p + 2. Let f be i(0). Let x(q) = 3*q**3 - 2*q - 1 + 4*q - q**f - q. Calculate x(1).
2
Suppose 3 - 8 = -u. Let a(q) be the second derivative of -q**5/20 + q**4/2 - 5*q**3/6 - 7*q. Determine a(u).
0
Suppose -3*i + 9 = -0*i. Let s(g) be the third derivative of -2*g**2 + 1/6*g**4 + 0*g - 1/60*g**5 + 0 + 1/2*g**i. Determine s(4).
3
Let t(a) = -a + 12. Suppose -11 + 61 = -3*s - 2*n, 2*n = -4*s - 64. Let c be (-66)/s - (-2)/7. Give t(c).
7
Let w be -3 + (2 - 0) - 19. Let o = 21 + w. Let y(d) = -4*d**2 - 2*d + 1. What is y(o)?
-5
Let p(o) = o**3 - o - 1. Let f(q) = q**3 - 4*q**2 - 4*q. Let w(l) = f(l) - 2*p(l). Give w(-2).
-2
Let w(x) be the third derivative of x**6/120 + 2*x**5/15 + x**4/12 + 5*x**3/3 + 6*x**2. Calculate w(-8).
-6
Let z(n) be the first derivative of n**2/2 - n + 3. What is z(-3)?
-4
Let o(l) = l**2 + 4*l + 6. Let j(a) = 2*a**3 - 5*a**2 - 6*a + 5. Let i be j(3). Determine o(i).
6
Let t(c) = 4*c**3 - 8*c**2 + 5*c - 9. Let y(d) = -3*d**3 + 7*d**2 - 4*d + 8. Let x be -1 - (-4)/(2 - 1). Let g(m) = x*y(m) + 2*t(m). Give g(5).
-4
Let i(r) = -9*r - 12. Suppose 0 = 6*t - 2*t - 12. Suppose -t*a = -7*a - 28. Let l(y) = -5*y - 6. Let u(n) = a*l(n) + 4*i(n). Determine u(-4).
-2
Let k(u) be the third derivative of -u**8/20160 - u**7/2520 - u**5/15 + 9*u**2. Let z(f) be the third derivative of k(f). Determine z(-4).
-8
Let j = -1 + 1. Let d(g) be the first derivative of -7*g - 1/4*g**4 - 1 - 1/2*g**2 + 0*g**3. Calculate d(j).
-7
Let t(s) = -s**2 + 7*s - 5. Suppose h + 1 - 7 = 0. Determine t(h).
1
Let q(z) = -7*z**2 - 12*z + 15. Let p(t) = -3*t**2 - 6*t + 7. Let i = 4 - 0. Let l(g) = i*q(g) - 9*p(g). Give l(4).
5
Let k = -8 + 8. Let q(a) = -a**2 - a - 1. Determine q(k).
-1
Let m(v) = v - 3. Let q(n) = 8*n**3 - n. Let h be q(1). What is m(h)?
4
Let x(g) = 2*g**3 - 29*g**2 - 7*g - 5. Let p(d) = d**3 - 14*d**2 - 3*d - 2. Let b(k) = 9*p(k) - 4*x(k). Determine b(10).
12
Let g(c) be the first derivative of 4*c**2 + 22. Determine g(1).
8
Let c be 18/(-63)*(-8 - -1). Let d(y) = 6*y - 2. What is d(c)?
10
Let f(s) = 5*s**2 - 8. Let j(a) = 2*a**2 - 3. Let r(u) = 3*f(u) - 8*j(u). Let y be r(-2). Let l(k) = -k**3 - 4*k**2 + 3. What is l(y)?
3
Suppose u - 6 = 2*u. Let z